433 a composite number?
True
Is 15157 a composite number?
True
Is 667 composite?
True
Is 163223 a prime number?
True
Is 835721 a composite number?
False
Is 1008259 composite?
True
Is 1259 a prime number?
True
Is 14969 a prime number?
True
Is 127885 a composite number?
True
Is 989 prime?
False
Is 2161 composite?
False
Is 290203 a prime number?
False
Is 150023 a prime number?
False
Is 7621 a prime number?
True
Is 34583 a composite number?
False
Is 33223 prime?
True
Is 43933 prime?
True
Is 3109 composite?
False
Is 2173 prime?
False
Is 385771 composite?
False
Is 179081 prime?
False
Is 6803 prime?
True
Is 1046093 a prime number?
False
Is 7771 a composite number?
True
Is 85889 a composite number?
False
Is 3389 prime?
True
Is 223 a prime number?
True
Is 70289 composite?
False
Is 191531 a prime number?
True
Is 52973 prime?
True
Is 3203 a prime number?
True
Is 2274221 a composite number?
False
Is 7311 composite?
True
Is 16411 prime?
True
Is 13346 a composite number?
True
Is 33302 composite?
True
Is 433489 composite?
True
Is 1954 prime?
False
Is 27123 a composite number?
True
Is 18481 a composite number?
False
Is 87979 a prime number?
False
Is 6429 a composite number?
True
Is 12655 a prime number?
False
Is 53201 a composite number?
False
Is 679361 a composite number?
False
Is 73259 composite?
False
Is 145507 a composite number?
True
Is 30466 a composite number?
True
Is 120331 a composite number?
False
Is 350377 a composite number?
False
Is 1099367 prime?
False
Is 3646 prime?
False
Is 189547 composite?
False
Is 10061 prime?
True
Is 6167 a prime number?
False
Is 3277 prime?
False
Is 222058 a composite number?
True
Is 62897 prime?
True
Is 35363 a prime number?
True
Is 16457 prime?
False
Is 322607 composite?
False
Is 17209 a prime number?
True
Is 179153 prime?
False
Is 127 composite?
False
Is 3793 composite?
False
Is 258046 prime?
False
Is 5953 a prime number?
True
Is 21313 prime?
True
Is 109267 a prime number?
True
Is 1558637 a prime number?
True
Is 1069171 a prime number?
True
Is 4822943 a composite number?
False
Is 81121 prime?
False
Is 335261 a prime number?
True
Is 99223 a prime number?
True
Is 6607 a prime number?
True
Is 2063 composite?
False
Is 13649 composite?
False
Is 18553 a prime number?
True
Is 73237 a composite number?
False
Is 80183 a composite number?
True
Is 6469 a prime number?
True
Is 5791 composite?
False
Is 39971 a prime number?
True
Is 163538 a prime number?
False
Is 65463 composite?
True
Is 36071 a composite number?
True
Is 9883 a prime number?
True
Is 35759 a prime number?
True
Is 20337 composite?
True
Is 397165 a prime number?
False
Is 20567 composite?
True
Is 666811 a prime number?
True
Is 16547 prime?
True
Is 5581 prime?
True
Is 6497 a composite number?
True
Is 32822 prime?
False
Is 105709 a prime number?
False
Is 31957 a prime number?
True
Is 240085 composite?
True
Is 5435 composite?
True
Is 66841 a prime number?
True
Is 319811 composite?
False
Is 7993 a prime number?
True
Is 6927 composite?
True
Is 91493 a composite number?
False
Is 43711 a prime number?
True
Is 60859 a composite number?
False
Is 697 a composite number?
True
Is 818305 a composite number?
True
Is 142271 composite?
False
Is 13591 a composite number?
False
Is 17603 a prime number?
False
Is 32951 composite?
True
Is 26081 a prime number?
False
Is 31853 prime?
False
Is 48847 composite?
False
Is 6403 composite?
True
Is 19103 a composite number?
True
Is 20543 prime?
True
Is 270091 prime?
False
Is 968101 a prime number?
True
Is 440421 composite?
True
Is 90971 composite?
False
Is 99751 composite?
True
Is 14921 prime?
False
Is 20087 composite?
True
Is 195731 a prime number?
True
Is 3941 a prime number?
False
Is 831091 a prime number?
True
Is 17087 a prime number?
False
Is 206009 prime?
True
Is 149807 composite?
True
Is 614459 prime?
False
Is 55291 a composite number?
False
Is 9349 a composite number?
False
Is 603311 composite?
False
Is 331489 composite?
False
Is 15107 composite?
False
Is 93407 prime?
True
Is 7729 composite?
True
Is 87937 a composite number?
True
Is 37117 prime?
True
Is 10447 a prime number?
False
Is 1363663 a composite number?
True
Is 62389 composite?
True
Is 31397 a prime number?
True
Is 899 a composite number?
True
Is 11027 composite?
False
Is 229093 a prime number?
True
Is 3047 a composite number?
True
Is 24289 a composite number?
True
Is 3943 a composite number?
False
Is 5919 composite?
True
Is 12811 composite?
True
Is 9767 prime?
True
Is 23915 a composite number?
True
Is 1784859 a composite number?
True
Is 20429 a composite number?
True
Is 115057 prime?
True
Is 37619 prime?
True
Is 5939 a prime number?
True
Is 103909 a prime number?
False
Is 219845 a composite number?
True
Is 464105 a composite number?
True
Is 13033 composite?
False
Is 525877 prime?
False
Is 275819 a prime number?
False
Is 1193 a composite number?
False
Is 11015 composite?
True
Is 762277 a prime number?
True
Is 14277 a composite number?
True
Is 148591 prime?
False
Is 10831 a prime number?
True
Is 41186 prime?
False
Is 135055 composite?
True
Is 1541 a composite number?
True
Is 6911 a composite number?
False
Is 44101 composite?
False
Is 95753 a prime number?
False
Is 2395 prime?
False
Is 9619 a prime number?
True
Is 105673 a prime number?
True
Is 79277 composite?
True
Is 14977 composite?
True
Is 16715 composite?
True
Is 837773 composite?
False
Is 7411 a prime number?
True
Is 90807 a composite number?
True
Is 770639 a prime number?
True
Is 444729 a prime number?
False
Is 9017 composite?
True
Is 1361 a composite number?
False
Is 17211 prime?
False
Is 124721 prime?
True
Is 28277 a prime number?
True
Is 192349 prime?
False
Is 983 a composite number?
False
Is 595957 a prime number?
True
Is 4229 composite?
False
Is 185209 composite?
True
Is 83069 a prime number?
False
Is 1081 composite?
True
Is 1709 a prime number?
True
Is 565487 prime?
False
Is 1304389 composite?
False
Is 491 a composite number?
False
Is 43961 composite?
False
Is 839 a composite number?
False
Is 107171 a prime number?
True
Is 210961 prime?
True
Is 19121 a prime number?
True
Is 119129 a composite number?
False
Is 1723721 a prime number?
True
Is 65227 a composite number?
True
Is 44087 composite?
False
Is 15419 prime?
False
Is 8947 prime?
False
Is 712651 prime?
True
Is 3899 prime?
False
Is 4022 prime?
False
Is 236053 prime?
True
Is 2701 a prime number?
False
Is 241221 a prime number?
False
Is 3691 composite?
False
Is 67619 a composite number?
False
Is 167435 a composite number?
True
Is 30491 a composite number?
False
Is 7717 prime?
True
Is 414283 a prime number?
True
Is 1004567 a prime number?
True
Is 82981 a composite number?
False
Is 20021 prime?
True
Is 8331 a prime number?
False
Is 684493 a composite number?
False
Is 509321 a composite number?
True
Is 119803 a prime number?
False
Is 50429 composite?
True
Is 322871 prime?
True
Is 84649 composite?
False
Is 23867 prime?
False
Is 928979 composite?
False
Is 293 a composite number?
False
Is 25777 prime?
False
Is 1277099 composite?
False
Is 209803 a composite number?
True
Is 61169 prime?
True
Is 9169 a prime number?
False
Is 47591 prime?
True
Is 4376149 composite?
True
Is 31007 composite?
True
Is 68261 a prime number?
True
Is 7121 prime?
True
Is 371707 composite?
True
Is 17462 a prime number?
False
Is 23701 prime?
False
Is 45221 a composite number?
True
Is 675643 a prime number?
True
Is 126961 prime?
True
Is 28051 a prime number?
True
Is 548203 prime?
False
Is 5729 a prime number?
False
Is 21713 prime?
True
Is 307 prime?
True
Is 123815 a prime number?
False
Is 61681 composite?
False
Is 222967 a prime number?
True
Is 209629 a prime number?
False
Is 505577 a composite number?
True
Is 38693 a prime number?
True
Is 247847 a composite number?
False
Is 2045 a prime number?
False
Is 5531 a prime number?
True
Is 71417 a prime number?
False
Is 20861 a prime number?
False
Is 95423 a prime number?
False
Is 183119 prime?
True
Is 1483763 prime?
True
Is 104491 a composite number?
False
Is 226637 composite?
False
Is 219923 a composite number?
True
Is 677167 a prime number?
True
Is 5712703 a prime number?
True
Is 73547 a composite number?
False
Is 65287 composite?
False
Is 559607 composite?
True
Is 106739 composite?
False
Is 6326 a prime number?
False
Is 92447 a composite number?
True
Is 260